[INFO] fetching crate icu_list 1.2.0...
[INFO] checking icu_list-1.2.0 against master#e6e4f7ed1589e03bc2f6c5931c1a72e7947e8682 for beta-170-4
[INFO] extracting crate icu_list 1.2.0 into /workspace/builds/worker-7-tc2/source
[INFO] validating manifest of crates.io crate icu_list 1.2.0 on toolchain e6e4f7ed1589e03bc2f6c5931c1a72e7947e8682
[INFO] running `Command { std: CARGO_HOME="/workspace/cargo-home" RUSTUP_HOME="/workspace/rustup-home" "/workspace/cargo-home/bin/cargo" "+e6e4f7ed1589e03bc2f6c5931c1a72e7947e8682" "metadata" "--manifest-path" "Cargo.toml" "--no-deps", kill_on_drop: false }`
[INFO] started tweaking crates.io crate icu_list 1.2.0
[INFO] removed 0 missing examples
[INFO] finished tweaking crates.io crate icu_list 1.2.0
[INFO] tweaked toml for crates.io crate icu_list 1.2.0 written to /workspace/builds/worker-7-tc2/source/Cargo.toml
[INFO] crate crates.io crate icu_list 1.2.0 already has a lockfile, it will not be regenerated
[INFO] running `Command { std: CARGO_HOME="/workspace/cargo-home" RUSTUP_HOME="/workspace/rustup-home" "/workspace/cargo-home/bin/cargo" "+e6e4f7ed1589e03bc2f6c5931c1a72e7947e8682" "fetch" "--manifest-path" "Cargo.toml", kill_on_drop: false }`
[INFO] running `Command { std: "docker" "create" "-v" "/var/lib/crater-agent-workspace/builds/worker-7-tc2/target:/opt/rustwide/target:rw,Z" "-v" "/var/lib/crater-agent-workspace/builds/worker-7-tc2/source:/opt/rustwide/workdir:ro,Z" "-v" "/var/lib/crater-agent-workspace/cargo-home:/opt/rustwide/cargo-home:ro,Z" "-v" "/var/lib/crater-agent-workspace/rustup-home:/opt/rustwide/rustup-home:ro,Z" "-e" "SOURCE_DIR=/opt/rustwide/workdir" "-e" "CARGO_TARGET_DIR=/opt/rustwide/target" "-e" "CARGO_HOME=/opt/rustwide/cargo-home" "-e" "RUSTUP_HOME=/opt/rustwide/rustup-home" "-w" "/opt/rustwide/workdir" "-m" "1610612736" "--user" "0:0" "--network" "none" "ghcr.io/rust-lang/crates-build-env/linux@sha256:19e73879b68f455e41552ea35293514db52ea292d993f571636dbffedb77a1ee" "/opt/rustwide/cargo-home/bin/cargo" "+e6e4f7ed1589e03bc2f6c5931c1a72e7947e8682" "metadata" "--no-deps" "--format-version=1", kill_on_drop: false }`
[INFO] [stdout] 1dbdd460ae5bfb7a086bd2d248a2bb9655bf402c96019851715860139552236c
[INFO] running `Command { std: "docker" "start" "-a" "1dbdd460ae5bfb7a086bd2d248a2bb9655bf402c96019851715860139552236c", kill_on_drop: false }`
[INFO] running `Command { std: "docker" "inspect" "1dbdd460ae5bfb7a086bd2d248a2bb9655bf402c96019851715860139552236c", kill_on_drop: false }`
[INFO] running `Command { std: "docker" "rm" "-f" "1dbdd460ae5bfb7a086bd2d248a2bb9655bf402c96019851715860139552236c", kill_on_drop: false }`
[INFO] [stdout] 1dbdd460ae5bfb7a086bd2d248a2bb9655bf402c96019851715860139552236c
[INFO] running `Command { std: "docker" "create" "-v" "/var/lib/crater-agent-workspace/builds/worker-7-tc2/target:/opt/rustwide/target:rw,Z" "-v" "/var/lib/crater-agent-workspace/builds/worker-7-tc2/source:/opt/rustwide/workdir:ro,Z" "-v" "/var/lib/crater-agent-workspace/cargo-home:/opt/rustwide/cargo-home:ro,Z" "-v" "/var/lib/crater-agent-workspace/rustup-home:/opt/rustwide/rustup-home:ro,Z" "-e" "SOURCE_DIR=/opt/rustwide/workdir" "-e" "CARGO_TARGET_DIR=/opt/rustwide/target" "-e" "CARGO_INCREMENTAL=0" "-e" "RUST_BACKTRACE=full" "-e" "RUSTFLAGS=--cap-lints=forbid" "-e" "RUSTDOCFLAGS=--cap-lints=forbid" "-e" "CARGO_HOME=/opt/rustwide/cargo-home" "-e" "RUSTUP_HOME=/opt/rustwide/rustup-home" "-w" "/opt/rustwide/workdir" "-m" "1610612736" "--user" "0:0" "--network" "none" "ghcr.io/rust-lang/crates-build-env/linux@sha256:19e73879b68f455e41552ea35293514db52ea292d993f571636dbffedb77a1ee" "/opt/rustwide/cargo-home/bin/cargo" "+e6e4f7ed1589e03bc2f6c5931c1a72e7947e8682" "check" "--frozen" "--all" "--all-targets" "--message-format=json", kill_on_drop: false }`
[INFO] [stdout] 09cb84f3e029d9347221585c60bd5f0bc08a32fbd17dd41606cb46486b28f1c8
[INFO] running `Command { std: "docker" "start" "-a" "09cb84f3e029d9347221585c60bd5f0bc08a32fbd17dd41606cb46486b28f1c8", kill_on_drop: false }`
[INFO] [stderr]    Compiling proc-macro2 v1.0.56
[INFO] [stderr]    Compiling syn v1.0.109
[INFO] [stderr]    Compiling serde_derive v1.0.156
[INFO] [stderr]    Compiling serde v1.0.156
[INFO] [stderr]     Checking writeable v0.5.2
[INFO] [stderr]     Checking stable_deref_trait v1.2.0
[INFO] [stderr]     Checking litemap v0.7.0
[INFO] [stderr]     Checking cobs v0.2.3
[INFO] [stderr]     Checking regex-automata v0.2.0
[INFO] [stderr]    Compiling quote v1.0.26
[INFO] [stderr]    Compiling synstructure v0.12.6
[INFO] [stderr]    Compiling zerofrom-derive v0.1.2
[INFO] [stderr]    Compiling displaydoc v0.2.3
[INFO] [stderr]    Compiling yoke-derive v0.7.1
[INFO] [stderr]    Compiling zerovec-derive v0.9.4
[INFO] [stderr]    Compiling icu_provider_macros v1.2.0
[INFO] [stderr]     Checking tinystr v0.7.1
[INFO] [stderr]     Checking icu_locid v1.2.0
[INFO] [stderr]     Checking zerofrom v0.1.2
[INFO] [stderr]     Checking yoke v0.7.1
[INFO] [stderr]     Checking zerovec v0.9.4
[INFO] [stderr]     Checking icu_provider v1.2.0
[INFO] [stderr]     Checking icu_list v1.2.0 (/opt/rustwide/workdir)
[INFO] [stderr]     Checking postcard v1.0.4
[INFO] [stderr]     Checking serde_json v1.0.96
[INFO] [stdout] error[E0433]: failed to resolve: use of undeclared crate or module `icu`
[INFO] [stdout]  --> examples/and_list.rs:9:5
[INFO] [stdout]   |
[INFO] [stdout] 9 | use icu::list::{ListFormatter, ListLength};
[INFO] [stdout]   |     ^^^ use of undeclared crate or module `icu`
[INFO] [stdout] 
[INFO] [stdout] 
[INFO] [stdout] error[E0433]: failed to resolve: use of undeclared crate or module `icu`
[INFO] [stdout]   --> examples/and_list.rs:10:5
[INFO] [stdout]    |
[INFO] [stdout] 10 | use icu::locid::locale;
[INFO] [stdout]    |     ^^^ use of undeclared crate or module `icu`
[INFO] [stdout] 
[INFO] [stdout] 
[INFO] [stdout] error[E0433]: failed to resolve: use of undeclared crate or module `icu_benchmark_macros`
[INFO] [stdout]  --> examples/and_list.rs:7:1
[INFO] [stdout]   |
[INFO] [stdout] 7 | icu_benchmark_macros::static_setup!();
[INFO] [stdout]   | ^^^^^^^^^^^^^^^^^^^^ use of undeclared crate or module `icu_benchmark_macros`
[INFO] [stdout] 
[INFO] [stdout] 
[INFO] [stdout] error[E0433]: failed to resolve: use of undeclared crate or module `icu_benchmark_macros`
[INFO] [stdout]   --> examples/and_list.rs:14:5
[INFO] [stdout]    |
[INFO] [stdout] 14 |     icu_benchmark_macros::main_setup!();
[INFO] [stdout]    |     ^^^^^^^^^^^^^^^^^^^^ use of undeclared crate or module `icu_benchmark_macros`
[INFO] [stdout] 
[INFO] [stdout] 
[INFO] [stdout] error: cannot determine resolution for the macro `locale`
[INFO] [stdout]   --> examples/and_list.rs:18:10
[INFO] [stdout]    |
[INFO] [stdout] 18 |         &locale!("es").into(),
[INFO] [stdout]    |          ^^^^^^
[INFO] [stdout]    |
[INFO] [stdout]    = note: import resolution is stuck, try simplifying macro imports
[INFO] [stdout] 
[INFO] [stdout] 
[INFO] [stdout] error[E0433]: failed to resolve: use of undeclared crate or module `icu_testdata`
[INFO] [stdout]   --> examples/and_list.rs:17:10
[INFO] [stdout]    |
[INFO] [stdout] 17 |         &icu_testdata::unstable(),
[INFO] [stdout]    |          ^^^^^^^^^^^^ use of undeclared crate or module `icu_testdata`
[INFO] [stdout] 
[INFO] [stdout] 
[INFO] [stdout] error: aborting due to 6 previous errors
[INFO] [stdout] 
[INFO] [stdout] 
[INFO] [stdout] For more information about this error, try `rustc --explain E0433`.
[INFO] [stdout] 
[INFO] [stderr] error: could not compile `icu_list` (example "and_list") due to 7 previous errors
[INFO] [stderr] warning: build failed, waiting for other jobs to finish...
[INFO] [stdout] error[E0599]: no function or associated item named `new` found for struct `SerdeDFA` in the current scope
[INFO] [stdout]   --> src/lazy_automaton.rs:56:29
[INFO] [stdout]    |
[INFO] [stdout] 56 |     let matcher = SerdeDFA::new(Cow::Borrowed("11(000)*$")).unwrap();
[INFO] [stdout]    |                             ^^^ function or associated item not found in `SerdeDFA<'_>`
[INFO] [stdout]    |
[INFO] [stdout]   ::: src/provider/serde_dfa.rs:19:1
[INFO] [stdout]    |
[INFO] [stdout] 19 | pub struct SerdeDFA<'data> {
[INFO] [stdout]    | -------------------------- function or associated item `new` not found for this struct
[INFO] [stdout] 
[INFO] [stdout] 
[INFO] [stdout] error: aborting due to previous error
[INFO] [stdout] 
[INFO] [stdout] 
[INFO] [stdout] For more information about this error, try `rustc --explain E0599`.
[INFO] [stdout] 
[INFO] [stderr] error: could not compile `icu_list` (lib test) due to 2 previous errors
[INFO] running `Command { std: "docker" "inspect" "09cb84f3e029d9347221585c60bd5f0bc08a32fbd17dd41606cb46486b28f1c8", kill_on_drop: false }`
[INFO] running `Command { std: "docker" "rm" "-f" "09cb84f3e029d9347221585c60bd5f0bc08a32fbd17dd41606cb46486b28f1c8", kill_on_drop: false }`
[INFO] [stdout] 09cb84f3e029d9347221585c60bd5f0bc08a32fbd17dd41606cb46486b28f1c8
